{"id":319,"date":"2023-12-19T13:50:38","date_gmt":"2023-12-19T06:50:38","guid":{"rendered":"https:\/\/conf.icgbio.ru\/apde-siberia\/?page_id=319"},"modified":"2023-12-26T18:53:44","modified_gmt":"2023-12-26T11:53:44","slug":"3-2-1","status":"publish","type":"page","link":"https:\/\/conf.icgbio.ru\/apde-siberia\/contents\/3-2-1\/","title":{"rendered":"Preservation of biodiversity of siberian fauna"},"content":{"rendered":"<p class=\"inst\">Institute of Cytology and Genetics, SB RAS, Novosibirsk<\/p>\n<h2 class=\"head\">Head of the Institute:<\/h2>\n<p class=\"info\">Vladimir K.Shumny, Academician of the RAS<br \/>\n10 Lavrentyev Ave., Novosibirsk, 630090, Russia<br \/>\nTel: +(383-2) 33-35-26<br \/>\nFax: +(383-2) 33-12-78, 33-34-66<br \/>\nemail:\u00a0<a href=\"mailto:shumny@bionet.nsc.ru\">shumny@bionet.nsc.ru<\/a><\/p>\n<h2 class=\"head\">Principal researchers:<\/h2>\n<p class=\"info\">A.V.Kushnir, Doctor of Sciences (Biology)<br \/>\nV.N.Tikhonov, Doctor of Sciences (Biology), Professor<br \/>\nA.I.Vystavnoy, Ph.D. (Biology)<br \/>\nA.V.Terletsky, Ph.D. (Biology)<br \/>\nYe.K.Minina, Ph.D. (Agriculture)<br \/>\nO.V.Trapezov, Ph.D. (Biology)<\/p>\n<h3 style=\"text-align: justify;\">Project objectives<\/h3>\n<p style=\"text-align: justify;\" align=\"JUSTIFY\">Preservation, study and breeding of economically promising animal species (aboriginal Siberian horse, horned cattle, fur-coat sheep, yak, bison, Siberian deer, wild goat, Altai snow cock, wild pig, mink and other fur animals).<\/p>\n<h3 style=\"text-align: justify;\">Background and significance of objectives<\/h3>\n<p style=\"text-align: justify;\" align=\"JUSTIFY\">Experimental domestication and breeding farms have been built for animals that fit Siberia, methods have been developed for monitoring physiological adaptation. The point is that the aboriginal breeds, best adapted to the harsh climatic conditions, diminish as in optimal feeding conditions they are less productive than imported stock book breeds.<\/p>\n<p style=\"text-align: justify;\" align=\"JUSTIFY\">To date, energy metabolism has been studied in reindeer and horned cattle at low ambient temperatures. The ratio of animals with the physical type of thermoregulation to those with the chemical one has been determined in the cow with the basic types of stress-resistance. Basic mechanisms of thermoregulation at low ambient temperatures and their association with the types of stress resistance have been determined.<\/p>\n<p style=\"text-align: justify;\" align=\"JUSTIFY\">Immunogenetic studies of the phylogenesis of wild, farmed and aboriginal pig have allowed the contribution of the ancestral south-eastern Asian pigs to the most important European and American breeds to be quantitatively assessed, and the share of the Chinese pig&#8217;s genofond in novel breeds across Siberia and FSU to be established.<\/p>\n<p style=\"text-align: justify;\" align=\"JUSTIFY\">A biological mechanism has been discovered in In Yakutian horse, that underlies the formation of discordance in the genotypic and phenotypic characters in response to a change in ecological conditions of confinement and breeding. Studying the gene pool of Siberian meat-wool sheep revealed possibilities of prediction of high prolific productivity following two first lambings, a high correlation between maturity age and living weight at birth has been found.<\/p>\n<p style=\"text-align: justify;\" align=\"JUSTIFY\">Microevolutionary processes of genotype formation have been studied in a few dozens of modern dog breeds of the Europe and Asia. Vectors of geographic migration have been established by the marker alleles of ancestral forms of modern breeds in Siberia, Central Asia, Japanese Islands and Korean Peninsula.<\/p>\n<p style=\"text-align: justify;\" align=\"JUSTIFY\">The possibility of acclimatisation of European bison has been discussed, techniques for hybridisation with Altai yak have been developed.<\/p>\n<p style=\"text-align: justify;\" align=\"JUSTIFY\">Possibilities of immunogenetic control, prediction and elevated pant deer productivity have been scrutinised.<\/p>\n<p style=\"text-align: justify;\" align=\"JUSTIFY\">Biology and possibilities for preservation, domestication and farm-breeding of Altai snow cock have been studied.<\/p>\n<p style=\"text-align: justify;\" align=\"JUSTIFY\">Biology and possibilities for preservation, domestication and farm-breeding in Siberia of mutant forms of American mink and Far East sea beaver have been studied.<\/p>\n<h3 style=\"text-align: justify;\">Research plan: approaches and methods<\/h3>\n<p style=\"text-align: justify;\" align=\"JUSTIFY\">Immunogenetic monitoring is being conducted on the macroevolution of the populations of rare species of aboriginal animals, genetic and physiological techniques have been developed for assessing the viability of populations by the example of many year studying the phylogenesis amd microevolution of polytyped species (wild and farmed pig, aboriginal horses and many Asian dog breeds), models have been studied of microevolutionary processes under different farming conditions on animals with different reproductive coefficient.<\/p>\n<h3 style=\"text-align: justify;\">Expected results<\/h3>\n<p style=\"text-align: justify;\" align=\"JUSTIFY\">Recommendations will be given as to how preserve and effectively benefit from farming the aboriginal and domesticated animals that are economically promising for Siberia.<\/p>\n<h3 style=\"text-align: justify;\">List of publications of participants related to the project<\/h3>\n<ul class=\"liter\">\n<li>\n<p align=\"JUSTIFY\">Kniazev S.P., Tikhonov V.N., Kotren Ye.G. Populational-genetic analysis of geen pool microevolution in modern horse breeds \/\/ Reports to Russ.Agric.Acad.Sci.. \u00f1 1998. \u00f1 \u03c0 1. \u00f1 p. 36-38.<\/p>\n<\/li>\n<li>\n<p align=\"JUSTIFY\">Kniazev S.P., Tikhonov V.N., Tanabe Yu., Morozov P.S. Formation of genetics polymorhism as associated with the phylogenesis and microevolution in dog (<i>Canis familiaris<\/i>\u00a0L.) \/\/ Genetika. \u00f1 1998. \u00f1 V. 34, \u03c0 10. \u00f1 p. 1001-1009.<\/p>\n<\/li>\n<li>\n<p align=\"JUSTIFY\">Kushnir A.V., Oblap R.V., Yasinetskaya N.A. Intraspecific differentiation in Przevalskjj horse and domestic horse by 5 molecular-genetic markers \/\/ Tsitologiya i Gnetika, \u00f1 1998. \u00f1 V. 32, \u03c0 3. \u00f1 p. 10-17.<\/p>\n<\/li>\n<li>\n<p align=\"JUSTIFY\">Kushnir A.V., Stolpovskiy Yu.A., Oblap R.V. Phenotypic and Genetical Structure of Ukrainian Grey Breed of Cattle \/\/ Ibid, 1998. \u00f1 V. 32, \u03c0 5. \u00f1 P. 67-74.<\/p>\n<\/li>\n<li>\n<p align=\"JUSTIFY\">Kushnir A.V., Terletskiy A.V. Heard structure of Holstein black-white cattle with respect to stress-resistance in the dynamics of lactation periods \/\/ Math. Inter. Conf. &#8220;DNA Technologies&#8221;. \u00f1 Kyyv: Agrarna Nauka, 1997. \u00f1 p. 37-39.<\/p>\n<\/li>\n<li>\n<p align=\"JUSTIFY\">Lukyanov Yu.P. Altai snow cock. \u00f1 Moscow: Coop. edition by 4SIS GmyKh and &#8220;Intergraf Servis&#8221;, 1993. \u00f1 24 p.<\/p>\n<\/li>\n<li>\n<p align=\"JUSTIFY\">Popov V.A. On some results of bison acclimatisation (<i>Bison bonasus<\/i>\u00a0L.) in Gorny Altai \/\/ Sibirsky Ekologicheskiy Zhurnal. \u00f1 1996. \u00f1 \u03c0 2. \u00f1p. 137-141.<\/p>\n<\/li>\n<li>\n<p align=\"JUSTIFY\">Sokolov A.Ya., Kushnir A.V. Thermoregulation and bioenergetics of reindeer \u00f1 Novosibirsk: SB RAS Publishing House, 1997. \u00f1 179 p (monograph).<\/p>\n<\/li>\n<li>\n<p align=\"JUSTIFY\">Tikhonov V.N., Kotren Eu.G., Kniazev S.P. Populational and genetic parameters of aboriginal Yakutian horse as associated with the phylogeny of modern breeds of domestic horse\u00a0<i>Equus caballus\u00a0<\/i>\/\/ Genetika. \u00f1 1998. \u00f1 V. 34, \u03c0 6. \u00f1 P. 796-809.<\/p>\n<\/li>\n<li>\n<p align=\"JUSTIFY\">Shumny V.K., Kushnir A.V., Tikhonov V.N. Some results on and prospects for work on the gene pool of wild and aboriginal animals of Siberia \/\/ Sibirsky Ekologicheskiy Zhurnal. \u00f1 1994. \u00f1 \u03c0 1. \u00f1 p. 75-85.<\/p>\n<\/li>\n<li>\n<p align=\"JUSTIFY\">Glazko V.I., Oblap R.V., Yasinezkaja N.I. Kushnir A.V. Comparative analysis of genetic intraspecies differentiation in domestic horse and Przewalski&#8217;s horse \/\/ XXVI th Intern.Conf. on animal Genetics, New Zeland. \u00f1 1998. \u00f1 P. 26.<\/p>\n<\/li>\n<li>\n<p align=\"JUSTIFY\">Knyazev S.P., Tikhonov V.N. Genogeographic Study of Craniologic Peculiarities of Swine Phylogenesis and Precocity \/\/ Ibid.<\/p>\n<\/li>\n<li>\n<p align=\"JUSTIFY\">Knyazev S.P., Tikhonov V.N., Cothran E.G. Population genetic analysis of microevolution of genofund of horse breeds \/\/ The Reports of Russian Academy Agricultural Sciences, N-Y., 1998. \u00f1 P. 36-38.<\/p>\n<\/li>\n<li>\n<p align=\"JUSTIFY\">Knyazev S.P., Tikhonov V.N., Tanabe Y. Biodiversity at different levels of breed development: genetic polymorphism of Siberian and Korean native dog populations \/\/ Proc. YIII World Conf. on Animal Production, (Seoul, Korea),1998. \u00f1 P. 662-663.<\/p>\n<\/li>\n<li>\n<p align=\"JUSTIFY\">Knyazev S.P., Tikhonov V.N., Tanabe Y., Morozov P.S. Development of genetic polymorphism of Canis familiaris and microevolution \/\/ Russian Jurn. of Genetics, New-York, 1998. \u00f1 Vol. 34, \u03c0 10.<\/p>\n<\/li>\n<li>\n<p align=\"JUSTIFY\">Sharshov A.A., Graphodatsky A.S.,Biltueva L.S. G-banding homologies in musk ox, ovibos moshatus, and other bovids \/\/ Hereditas. \u00f1 1995. \u00f1 Vol. 122. \u00f1 P. 185-187.<\/p>\n<\/li>\n<li>\n<p align=\"JUSTIFY\">Tikhonov V.N. Polyfactorial system of litter size control in pigs dependent on genetic blood group systems \/\/ Proc. of the 6th World Congress on Genetic Applied to livestock Production. \u00f1 1998. \u00f1 Vol. 26. \u00f1 P. 457-460.<\/p>\n<\/li>\n<li>\n<p align=\"JUSTIFY\">Tikhonov V.N., Bobovich V.E. The Role of Chinese Pig Gene Pool in Development of Russian and FSU Breeds \/\/ Proc. of Intern. Conf. on Pig Production. Beijing, China, 1998. \u00f1 P. 77-80.<\/p>\n<\/li>\n<li>\n<p align=\"JUSTIFY\">Tikhonov V.N. Influences of South East Asian Pig Gene on Development of the Most Common World Breeds \/\/ Proc. of Intern. Conf. on Pig Production. Beijing, China, 1998. \u00f1 P. 128-131.<\/p>\n<\/li>\n<li>\n<p align=\"JUSTIFY\">Tikhonov V.N., Cothran E.G., Knyazev S.P. Population Genetic Parameters of Aboriginal Yakut Horses As Related to the Phylogeny of Modern Breeds of the Domestic Horse Equus Caballus L. \/\/ Russian Jour. of Genetics, N-Y.,1998. \u00f1 Vol. 34, \u03c0 6. \u00f1 P. 654-666.<\/p>\n<\/li>\n<\/ul>\n<p><a href=\"https:\/\/conf.icgbio.ru\/apde-siberia\/wp-content\/uploads\/sites\/121\/2023\/12\/image61.jpg\" target=\"_blank\" rel=\"noopener\"><img loading=\"lazy\" class=\"aligncenter wp-image-72 size-medium\" src=\"https:\/\/conf.icgbio.ru\/apde-siberia\/wp-content\/uploads\/sites\/121\/2023\/12\/image61-293x300.jpg\" alt=\"\" width=\"293\" height=\"300\" srcset=\"https:\/\/conf.icgbio.ru\/apde-siberia\/wp-content\/uploads\/sites\/121\/2023\/12\/image61-293x300.jpg 293w, https:\/\/conf.icgbio.ru\/apde-siberia\/wp-content\/uploads\/sites\/121\/2023\/12\/image61.jpg 300w\" sizes=\"(max-width: 293px) 100vw, 293px\" \/><\/a><\/p>\n<p class=\"fig\">Native Yakutian cattle<\/p>\n<p><a href=\"https:\/\/conf.icgbio.ru\/apde-siberia\/wp-content\/uploads\/sites\/121\/2023\/12\/image62.jpg\" target=\"_blank\" rel=\"noopener\"><img loading=\"lazy\" class=\"aligncenter wp-image-73 size-medium\" src=\"https:\/\/conf.icgbio.ru\/apde-siberia\/wp-content\/uploads\/sites\/121\/2023\/12\/image62-288x300.jpg\" alt=\"\" width=\"288\" height=\"300\" srcset=\"https:\/\/conf.icgbio.ru\/apde-siberia\/wp-content\/uploads\/sites\/121\/2023\/12\/image62-288x300.jpg 288w, https:\/\/conf.icgbio.ru\/apde-siberia\/wp-content\/uploads\/sites\/121\/2023\/12\/image62.jpg 300w\" sizes=\"(max-width: 288px) 100vw, 288px\" \/><\/a><\/p>\n<p class=\"fig\">Ukrainian Grey breed of cattle<\/p>\n<p><a href=\"https:\/\/conf.icgbio.ru\/apde-siberia\/wp-content\/uploads\/sites\/121\/2023\/12\/image63.jpg\" target=\"_blank\" rel=\"noopener\"><img loading=\"lazy\" class=\"aligncenter wp-image-74 size-medium\" src=\"https:\/\/conf.icgbio.ru\/apde-siberia\/wp-content\/uploads\/sites\/121\/2023\/12\/image63-300x267.jpg\" alt=\"\" width=\"300\" height=\"267\" srcset=\"https:\/\/conf.icgbio.ru\/apde-siberia\/wp-content\/uploads\/sites\/121\/2023\/12\/image63-300x267.jpg 300w, https:\/\/conf.icgbio.ru\/apde-siberia\/wp-content\/uploads\/sites\/121\/2023\/12\/image63.jpg 350w\" sizes=\"(max-width: 300px) 100vw, 300px\" \/><\/a><\/p>\n<p class=\"fig\">Native Yakutian horses<\/p>\n<p><a href=\"https:\/\/conf.icgbio.ru\/apde-siberia\/wp-content\/uploads\/sites\/121\/2023\/12\/image64.jpg\" target=\"_blank\" rel=\"noopener\"><img loading=\"lazy\" class=\"aligncenter wp-image-75 size-full\" src=\"https:\/\/conf.icgbio.ru\/apde-siberia\/wp-content\/uploads\/sites\/121\/2023\/12\/image64.jpg\" alt=\"\" width=\"300\" height=\"225\" \/><\/a><\/p>\n<p class=\"fig\">A cow of Highland breed<\/p>\n<p><a href=\"https:\/\/conf.icgbio.ru\/apde-siberia\/wp-content\/uploads\/sites\/121\/2023\/12\/image65.jpg\" target=\"_blank\" rel=\"noopener\"><img loading=\"lazy\" class=\"aligncenter wp-image-76 size-full\" src=\"https:\/\/conf.icgbio.ru\/apde-siberia\/wp-content\/uploads\/sites\/121\/2023\/12\/image65.jpg\" alt=\"\" width=\"300\" height=\"237\" \/><\/a><\/p>\n<p class=\"fig\">Native Kulunda sheep<\/p>\n","protected":false},"excerpt":{"rendered":"<p>Institute of Cytology and Genetics, SB RAS, Novosibirsk Head of the Institute: Vladimir K.Shumny, Academician of the RAS 10 Lavrentyev Ave., Novosibirsk, 630090, Russia Tel: +(383-2) 33-35-26 Fax: +(383-2) 33-12-78, 33-34-66 email:\u00a0shumny@bionet.nsc.ru Principal researchers: A.V.Kushnir, Doctor of Sciences (Biology) V.N.Tikhonov, &hellip; <a href=\"https:\/\/conf.icgbio.ru\/apde-siberia\/contents\/3-2-1\/\">Continue reading <span class=\"meta-nav\">&rarr;<\/span><\/a><\/p>\n","protected":false},"author":13,"featured_media":0,"parent":177,"menu_order":37,"comment_status":"closed","ping_status":"closed","template":"onecolumn-page.php","meta":[],"_links":{"self":[{"href":"https:\/\/conf.icgbio.ru\/apde-siberia\/wp-json\/wp\/v2\/pages\/319"}],"collection":[{"href":"https:\/\/conf.icgbio.ru\/apde-siberia\/wp-json\/wp\/v2\/pages"}],"about":[{"href":"https:\/\/conf.icgbio.ru\/apde-siberia\/wp-json\/wp\/v2\/types\/page"}],"author":[{"embeddable":true,"href":"https:\/\/conf.icgbio.ru\/apde-siberia\/wp-json\/wp\/v2\/users\/13"}],"replies":[{"embeddable":true,"href":"https:\/\/conf.icgbio.ru\/apde-siberia\/wp-json\/wp\/v2\/comments?post=319"}],"version-history":[{"count":5,"href":"https:\/\/conf.icgbio.ru\/apde-siberia\/wp-json\/wp\/v2\/pages\/319\/revisions"}],"predecessor-version":[{"id":557,"href":"https:\/\/conf.icgbio.ru\/apde-siberia\/wp-json\/wp\/v2\/pages\/319\/revisions\/557"}],"up":[{"embeddable":true,"href":"https:\/\/conf.icgbio.ru\/apde-siberia\/wp-json\/wp\/v2\/pages\/177"}],"wp:attachment":[{"href":"https:\/\/conf.icgbio.ru\/apde-siberia\/wp-json\/wp\/v2\/media?parent=319"}],"curies":[{"name":"wp","href":"https:\/\/api.w.org\/{rel}","templated":true}]}}