{"id":368,"date":"2023-12-19T15:05:54","date_gmt":"2023-12-19T08:05:54","guid":{"rendered":"https:\/\/conf.icgbio.ru\/apde-siberia\/?page_id=368"},"modified":"2023-12-27T13:38:37","modified_gmt":"2023-12-27T06:38:37","slug":"3-5-2","status":"publish","type":"page","link":"https:\/\/conf.icgbio.ru\/apde-siberia\/contents\/3-5-2\/","title":{"rendered":"Carbon and calcium losses on geochemical and anthropogenic soil erosion"},"content":{"rendered":"<p class=\"inst\">Institute of Soil Science and Agrochemistry, SB RAS, Novosibirsk<\/p>\n<h2 class=\"head\">Head of the Institute:<\/h2>\n<p class=\"info\">Ilyas M.Gadzhiev, Corresponding Member of the RAS<br \/>\n18 Sovietskaya St., Novosibirsk, 630099, Russia<br \/>\nPhone: (3832) 227652, Fax: (3832) 227652,<br \/>\nemail:\u00a0<a href=\"mailto:soil@issa.nsk.su\">soil@issa.nsk.su<\/a><\/p>\n<h2 class=\"head\">Principal researchers:<\/h2>\n<p class=\"info\">A.A.Tanasienko, Doctor of Sciences (Biology)<\/p>\n<h3 style=\"text-align: justify;\">Aim of project<\/h3>\n<p style=\"text-align: justify;\" align=\"JUSTIFY\">As a result of activization of geochemical (losses of soluble chemical elements with liquid compounds of surface snomelt runoff) and anthropogenic (removal of solid compounds of runoff by snowmelt flows from plowing layer of slopy soils) erosions practically healthy and high-fertile soils have lost their excellent quality within the limits of the last 50 years, and the territory of the catchment of great and small rivers had converted into the areas of ecological catastrophe. The suggested project is directed at solving the relationship of geochemical and anthropogenic erosions, removal of carbon and calcium with liquid and solid compounds of surface snowmelt runoff as applied to the belt soils of dissected landscapes.<\/p>\n<h3 style=\"text-align: justify;\">Expected results<\/h3>\n<p style=\"text-align: justify;\" align=\"JUSTIFY\">Total removal due to surface snowmelt runoff of dissolved chemical elements, which is not in excess of 10 kg per ha including 4 kg carbon per ha, is presented to be ecologically safe on zonal soils of forest steppe (dark grey forest soils and podzolised, leached and ordinary chernozems). When the type of snow melting and amount of solid atmospheric precipitation are changed, geochemical and anthropogenic erosions greatly increase, which contributes to essential removal of chemical elements from soils of different catena\u00eds positions, to their accumulation in negative elements of landscapes ant transit delivery into hydrographic network. The study of substance composition of liquid and solid compounds of runoff and the size of accumulation of solid compounds on different positions of the landscape permit to start elaborating the assessment of ecological damage on development of erosional processes.<\/p>\n<h3 style=\"text-align: justify;\">List of publications of participants related to the project<\/h3>\n<ul class=\"liter\">\n<li>\n<p align=\"JUSTIFY\">Tanasienko A.A. Eroded chernozens of the south of Western Siberia. \u00f1 Novosibirsk: Nauka Publ. House, 1992. \u00f1 152 p. (in Russian).<\/p>\n<\/li>\n<li>\n<p align=\"JUSTIFY\">Tanasienko A.A., Putilin A.F. Surface snowmelt runoff and soil loss in forest steppe landscapes in West Siberia \/\/ Internat. Workshop on Soil Erosion. Moskow, Russia, Sept. 20-24, 1993 \/ Purdue Univer. Weser Lafayette. \u00f1 1994. \u00f1 P. 310-321.<\/p>\n<\/li>\n<li>\n<p align=\"JUSTIFY\">Kovalyova S.R., Tanasienko A.A., Putilin A.F. Slopy snowmelt runoff on plowing soils of forest steppe of Western Siberia \/\/ Pochvovedeniye (Soil Science). \u00f1 1998. \u00f1 N 6. \u00f1 P. 719-726 (in Russian).<\/p>\n<\/li>\n<\/ul>\n","protected":false},"excerpt":{"rendered":"<p>Institute of Soil Science and Agrochemistry, SB RAS, Novosibirsk Head of the Institute: Ilyas M.Gadzhiev, Corresponding Member of the RAS 18 Sovietskaya St., Novosibirsk, 630099, Russia Phone: (3832) 227652, Fax: (3832) 227652, email:\u00a0soil@issa.nsk.su Principal researchers: A.A.Tanasienko, Doctor of Sciences (Biology) &hellip; <a href=\"https:\/\/conf.icgbio.ru\/apde-siberia\/contents\/3-5-2\/\">Continue reading <span class=\"meta-nav\">&rarr;<\/span><\/a><\/p>\n","protected":false},"author":13,"featured_media":0,"parent":177,"menu_order":53,"comment_status":"closed","ping_status":"closed","template":"onecolumn-page.php","meta":[],"_links":{"self":[{"href":"https:\/\/conf.icgbio.ru\/apde-siberia\/wp-json\/wp\/v2\/pages\/368"}],"collection":[{"href":"https:\/\/conf.icgbio.ru\/apde-siberia\/wp-json\/wp\/v2\/pages"}],"about":[{"href":"https:\/\/conf.icgbio.ru\/apde-siberia\/wp-json\/wp\/v2\/types\/page"}],"author":[{"embeddable":true,"href":"https:\/\/conf.icgbio.ru\/apde-siberia\/wp-json\/wp\/v2\/users\/13"}],"replies":[{"embeddable":true,"href":"https:\/\/conf.icgbio.ru\/apde-siberia\/wp-json\/wp\/v2\/comments?post=368"}],"version-history":[{"count":3,"href":"https:\/\/conf.icgbio.ru\/apde-siberia\/wp-json\/wp\/v2\/pages\/368\/revisions"}],"predecessor-version":[{"id":582,"href":"https:\/\/conf.icgbio.ru\/apde-siberia\/wp-json\/wp\/v2\/pages\/368\/revisions\/582"}],"up":[{"embeddable":true,"href":"https:\/\/conf.icgbio.ru\/apde-siberia\/wp-json\/wp\/v2\/pages\/177"}],"wp:attachment":[{"href":"https:\/\/conf.icgbio.ru\/apde-siberia\/wp-json\/wp\/v2\/media?parent=368"}],"curies":[{"name":"wp","href":"https:\/\/api.w.org\/{rel}","templated":true}]}}