{"id":468,"date":"2021-11-16T16:30:53","date_gmt":"2021-11-16T09:30:53","guid":{"rendered":"https:\/\/conf.icgbio.ru\/lyap100\/?page_id=468"},"modified":"2021-11-19T09:26:14","modified_gmt":"2021-11-19T02:26:14","slug":"187-thesis","status":"publish","type":"page","link":"https:\/\/conf.icgbio.ru\/lyap100\/en\/reports\/187-thesis\/","title":{"rendered":"187. \u0423\u043f\u0440\u0430\u0432\u043b\u044f\u044e\u0449\u0438\u0435 \u043a\u0438\u0431\u0435\u0440\u043d\u0435\u0442\u0438\u0447\u0435\u0441\u043a\u0438\u0435 \u0441\u0438\u0441\u0442\u0435\u043c\u044b \u041b\u044f\u043f\u0443\u043d\u043e\u0432\u0430 &#8211; \u042f\u0431\u043b\u043e\u043d\u0441\u043a\u043e\u0433\u043e \u0438 \u0440\u0435\u0448\u0435\u043d\u0438\u0435 \u043f\u0430\u0440\u0430\u0434\u043e\u043a\u0441\u0430 \u043d\u0435\u0437\u0430\u0432\u0438\u0441\u0438\u043c\u043e\u0441\u0442\u0438"},"content":{"rendered":"<p>\u041d\u0430 \u0441\u0435\u0433\u043e\u0434\u043d\u044f \u043a\u043b\u0430\u0441\u0441\u0438\u0447\u0435\u0441\u043a\u0438\u0435 \u043c\u0435\u0442\u043e\u0434\u044b \u0441\u043e\u0437\u0434\u0430\u043d\u0438\u044f \u043c\u043e\u0434\u0435\u043b\u0435\u0439 \u044d\u0432\u043e\u043b\u044e\u0446\u0438\u043e\u043d\u043d\u044b\u0445 \u0441\u0438\u0441\u0442\u0435\u043c \u0441 \u0443\u043f\u0440\u0430\u0432\u043b\u0435\u043d\u0438\u0435\u043c \u0438\u0441\u0447\u0435\u0440\u043f\u044b\u0432\u0430\u044e\u0442\u0441\u044f \u0442\u0440\u0435\u043c\u044f \u043f\u043e\u0434\u0445\u043e\u0434\u0430\u043c\u0438. \u041f\u0435\u0440\u0432\u044b\u0439 \u043f\u043e\u0434\u0445\u043e\u0434 \u043e\u0441\u043d\u043e\u0432\u0430\u043d \u043d\u0430 \u043f\u043e\u0441\u0442\u0440\u043e\u0435\u043d\u0438\u0438 \u043c\u043e\u0434\u0435\u043b\u0438 \u0441 \u043f\u043e\u0437\u0438\u0446\u0438\u0438 \u00ab\u0447\u0435\u0440\u043d\u043e\u0433\u043e \u044f\u0449\u0438\u043a\u0430\u00bb. \u0412\u0442\u043e\u0440\u043e\u0439 \u043f\u043e\u0434\u0445\u043e\u0434 \u043f\u0440\u0435\u0434\u043f\u043e\u043b\u0430\u0433\u0430\u0435\u0442 \u043f\u0440\u0435\u0434\u0441\u0442\u0430\u0432\u043b\u0435\u043d\u0438\u0435 \u0443\u043f\u0440\u0430\u0432\u043b\u044f\u044e\u0449\u0435\u0439 \u0441\u0438\u0441\u0442\u0435\u043c\u044b \u0432 \u0432\u0438\u0434\u0435 \u0441\u043e\u0441\u0442\u0430\u0432\u043b\u044f\u044e\u0449\u0438\u0445 \u0435\u0451 \u044d\u043b\u0435\u043c\u0435\u043d\u0442\u043e\u0432. \u041f\u0440\u0438 \u044d\u0442\u043e\u043c \u043a\u0430\u0436\u0434\u044b\u0439 \u0442\u0430\u043a\u043e\u0439 \u044d\u043b\u0435\u043c\u0435\u043d\u0442 \u044f\u0432\u043b\u044f\u0435\u0442\u0441\u044f \u0431\u043e\u043b\u0435\u0435 \u043f\u0440\u043e\u0441\u0442\u043e\u0439 \u0443\u043f\u0440\u0430\u0432\u043b\u044f\u044e\u0449\u0435\u0439 \u0441\u0438\u0441\u0442\u0435\u043c\u043e\u0439, \u0434\u043b\u044f \u0438\u0437\u0443\u0447\u0435\u043d\u0438\u044f \u043a\u043e\u0442\u043e\u0440\u043e\u0439 \u043c\u043e\u0436\u043d\u043e \u043f\u0440\u0438\u043c\u0435\u043d\u044f\u0442\u044c \u043f\u0435\u0440\u0432\u044b\u0439 \u043f\u043e\u0434\u0445\u043e\u0434. \u0412 \u0440\u0430\u0431\u043e\u0442\u0430\u0445\u00a0 (\u0424\u0435\u0434\u043e\u0442\u043a\u0438\u043d \u041c.\u0410. \u041f\u0440\u043e\u0446\u0435\u0441\u0441\u044b \u043e\u0431\u0441\u043b\u0443\u0436\u0438\u0432\u0430\u043d\u0438\u044f \u0438 \u0443\u043f\u0440\u0430\u0432\u043b\u044f\u044e\u0449\u0438\u0435 \u0441\u0438\u0441\u0442\u0435\u043c\u044b. \u041c\u0430\u0442\u0435\u043c\u0430\u0442\u0438\u0447\u0435\u0441\u043a\u0438\u0435 \u0432\u043e\u043f\u0440\u043e\u0441\u044b \u043a\u0438\u0431\u0435\u0440\u043d\u0435\u0442\u0438\u043a\u0438. \u041c.: \u041d\u0430\u0443\u043a\u0430. 1996. \u0412\u044b\u043f. 6. \u0421. 51\u201370; \u0424\u0435\u0434\u043e\u0442\u043a\u0438\u043d \u041c.\u0410. \u041d\u0435\u043b\u043e\u043a\u0430\u043b\u044c\u043d\u044b\u0439 \u0441\u043f\u043e\u0441\u043e\u0431 \u0437\u0430\u0434\u0430\u043d\u0438\u044f \u0443\u043f\u0440\u0430\u0432\u043b\u044f\u0435\u043c\u044b\u0445 \u0441\u043b\u0443\u0447\u0430\u0439\u043d\u044b\u0445 \u043f\u0440\u043e\u0446\u0435\u0441\u0441\u043e\u0432. \u041c\u0430\u0442\u0435\u043c\u0430\u0442\u0438\u0447\u0435\u0441\u043a\u0438\u0435 \u0432\u043e\u043f\u0440\u043e\u0441\u044b \u043a\u0438\u0431\u0435\u0440\u043d\u0435\u0442\u0438\u043a\u0438. \u041c.: \u041d\u0430\u0443\u043a\u0430. 1998. \u0412\u044b\u043f. 7. \u0421. 332\u2013344) \u043e\u0442\u043c\u0435\u0447\u0430\u044e\u0442\u0441\u044f \u043d\u0435\u0434\u043e\u0441\u0442\u0430\u0442\u043a\u0438 \u0443\u043a\u0430\u0437\u0430\u043d\u043d\u044b\u0445 \u043f\u043e\u0434\u0445\u043e\u0434\u043e\u0432. \u0412 \u0441\u0432\u044f\u0437\u0438 \u0441 \u044d\u0442\u0438\u043c \u0432 \u044d\u0442\u043e\u0439 \u0440\u0430\u0431\u043e\u0442\u0435 \u0434\u043e\u043a\u0430\u0437\u044b\u0432\u0430\u0435\u0442\u0441\u044f \u0446\u0435\u043b\u0435\u0441\u043e\u043e\u0431\u0440\u0430\u0437\u043d\u043e\u0441\u0442\u044c \u0438\u0441\u043f\u043e\u043b\u044c\u0437\u043e\u0432\u0430\u043d\u0438\u044f \u043a\u0438\u0431\u0435\u0440\u043d\u0435\u0442\u0438\u0447\u0435\u0441\u043a\u043e\u0433\u043e \u043f\u043e\u0434\u0445\u043e\u0434\u0430 (\u041b\u044f\u043f\u0443\u043d\u043e\u0432 \u0410.\u0410., \u042f\u0431\u043b\u043e\u043d\u0441\u043a\u0438\u0439 \u0421.\u0412. \u0422\u0435\u043e\u0440\u0435\u0442\u0438\u0447\u0435\u0441\u043a\u0438\u0435 \u043f\u0440\u043e\u0431\u043b\u0435\u043c\u044b \u043a\u0438\u0431\u0435\u0440\u043d\u0435\u0442\u0438\u043a\u0438. \u041f\u0440\u043e\u0431\u043b\u0435\u043c\u044b \u043a\u0438\u0431\u0435\u0440\u043d\u0435\u0442\u0438\u043a\u0438. \u041c.: \u0424\u0438\u0437\u043c\u0430\u0442\u0433\u0438\u0437. 1963. \u0412\u044b\u043f. 9. \u0421. 5\u201322) \u0434\u043b\u044f \u0440\u0435\u0448\u0435\u043d\u0438\u044f \u0445\u043e\u0440\u043e\u0448\u043e \u0438\u0437\u0432\u0435\u0441\u0442\u043d\u043e\u0433\u043e \u043f\u0430\u0440\u0430\u0434\u043e\u043a\u0441\u0430 \u043d\u0435\u0437\u0430\u0432\u0438\u0441\u0438\u043c\u043e\u0441\u0442\u0438 \u0432 \u0437\u0430\u0434\u0430\u0447\u0435 \u041c\u043e\u0441\u0442\u0435\u043b\u043b\u0435\u0440\u0430 (Mosteller F. Fifty challenging problems in probability with solutions. Reading, MA: Addison-Wesley. 1965; Sz\u00e9kely G. Paradoxes in probability theory and mathematical statistics. Budapest: Akad\u00e9miai Kiad\u00f3. 1986).<\/p>\n<p>&nbsp;<\/p>\n<p>&nbsp;<\/p>\n<p>&nbsp;<\/p>\n<p>&nbsp;<\/p>\n<p>&nbsp;<\/p>\n<table class=\"t-data-grid grid-top-border\">\n<tbody>\n<tr class=\"line1\">\n<td class=\"report-label\">Abstracts file:<\/td>\n<td class=\"report-text\"><a href=\"https:\/\/conf.icgbio.ru\/lyap100\/wp-content\/uploads\/sites\/82\/2021\/11\/lyap100-187-Fedotkin.pdf\" target=\"_blank\" rel=\"noopener\">Fedotkin.pdf<\/a><\/td>\n<\/tr>\n<tr class=\"line2\">\n<td class=\"report-label\">Full text file:<\/td>\n<td class=\"report-text\"><a href=\"https:\/\/conf.icgbio.ru\/lyap100\/wp-content\/uploads\/sites\/82\/2021\/11\/lyap100-187-Fedotkin1.pdf\" target=\"_blank\" rel=\"noopener\">Fedotkin1.pdf<\/a><\/td>\n<\/tr>\n<tr class=\"line1\">\n<td class=\"report-label\">Presentation file:<\/td>\n<td class=\"report-text\"><a href=\"https:\/\/conf.icgbio.ru\/lyap100\/wp-content\/uploads\/sites\/82\/2021\/11\/lyap100-187-Fedotkin2.pdf\" target=\"_blank\" rel=\"noopener\">Fedotkin2.pdf<\/a><\/td>\n<\/tr>\n<\/tbody>\n<\/table>\n<p><\/p>","protected":false},"excerpt":{"rendered":"<p>\u041d\u0430 \u0441\u0435\u0433\u043e\u0434\u043d\u044f \u043a\u043b\u0430\u0441\u0441\u0438\u0447\u0435\u0441\u043a\u0438\u0435 \u043c\u0435\u0442\u043e\u0434\u044b \u0441\u043e\u0437\u0434\u0430\u043d\u0438\u044f \u043c\u043e\u0434\u0435\u043b\u0435\u0439 \u044d\u0432\u043e\u043b\u044e\u0446\u0438\u043e\u043d\u043d\u044b\u0445 \u0441\u0438\u0441\u0442\u0435\u043c \u0441 \u0443\u043f\u0440\u0430\u0432\u043b\u0435\u043d\u0438\u0435\u043c \u0438\u0441\u0447\u0435\u0440\u043f\u044b\u0432\u0430\u044e\u0442\u0441\u044f \u0442\u0440\u0435\u043c\u044f \u043f\u043e\u0434\u0445\u043e\u0434\u0430\u043c\u0438. \u041f\u0435\u0440\u0432\u044b\u0439 \u043f\u043e\u0434\u0445\u043e\u0434 \u043e\u0441\u043d\u043e\u0432\u0430\u043d \u043d\u0430 \u043f\u043e\u0441\u0442\u0440\u043e\u0435\u043d\u0438\u0438 \u043c\u043e\u0434\u0435\u043b\u0438 \u0441 \u043f\u043e\u0437\u0438\u0446\u0438\u0438 \u00ab\u0447\u0435\u0440\u043d\u043e\u0433\u043e \u044f\u0449\u0438\u043a\u0430\u00bb. \u0412\u0442\u043e\u0440\u043e\u0439 \u043f\u043e\u0434\u0445\u043e\u0434 \u043f\u0440\u0435\u0434\u043f\u043e\u043b\u0430\u0433\u0430\u0435\u0442 \u043f\u0440\u0435\u0434\u0441\u0442\u0430\u0432\u043b\u0435\u043d\u0438\u0435 \u0443\u043f\u0440\u0430\u0432\u043b\u044f\u044e\u0449\u0435\u0439 \u0441\u0438\u0441\u0442\u0435\u043c\u044b \u0432 \u0432\u0438\u0434\u0435 \u0441\u043e\u0441\u0442\u0430\u0432\u043b\u044f\u044e\u0449\u0438\u0445 \u0435\u0451 \u044d\u043b\u0435\u043c\u0435\u043d\u0442\u043e\u0432. \u041f\u0440\u0438 \u044d\u0442\u043e\u043c \u043a\u0430\u0436\u0434\u044b\u0439 \u0442\u0430\u043a\u043e\u0439 \u044d\u043b\u0435\u043c\u0435\u043d\u0442 \u044f\u0432\u043b\u044f\u0435\u0442\u0441\u044f &hellip; <a href=\"https:\/\/conf.icgbio.ru\/lyap100\/en\/reports\/187-thesis\/\">Continue reading <span class=\"meta-nav\">&rarr;<\/span><\/a><\/p>\n","protected":false},"author":13,"featured_media":0,"parent":58,"menu_order":0,"comment_status":"closed","ping_status":"closed","template":"","meta":[],"_links":{"self":[{"href":"https:\/\/conf.icgbio.ru\/lyap100\/en\/wp-json\/wp\/v2\/pages\/468"}],"collection":[{"href":"https:\/\/conf.icgbio.ru\/lyap100\/en\/wp-json\/wp\/v2\/pages"}],"about":[{"href":"https:\/\/conf.icgbio.ru\/lyap100\/en\/wp-json\/wp\/v2\/types\/page"}],"author":[{"embeddable":true,"href":"https:\/\/conf.icgbio.ru\/lyap100\/en\/wp-json\/wp\/v2\/users\/13"}],"replies":[{"embeddable":true,"href":"https:\/\/conf.icgbio.ru\/lyap100\/en\/wp-json\/wp\/v2\/comments?post=468"}],"version-history":[{"count":2,"href":"https:\/\/conf.icgbio.ru\/lyap100\/en\/wp-json\/wp\/v2\/pages\/468\/revisions"}],"predecessor-version":[{"id":1038,"href":"https:\/\/conf.icgbio.ru\/lyap100\/en\/wp-json\/wp\/v2\/pages\/468\/revisions\/1038"}],"up":[{"embeddable":true,"href":"https:\/\/conf.icgbio.ru\/lyap100\/en\/wp-json\/wp\/v2\/pages\/58"}],"wp:attachment":[{"href":"https:\/\/conf.icgbio.ru\/lyap100\/en\/wp-json\/wp\/v2\/media?parent=468"}],"curies":[{"name":"wp","href":"https:\/\/api.w.org\/{rel}","templated":true}]}}